{"id":97,"date":"2014-05-19T10:17:31","date_gmt":"2014-05-19T08:17:31","guid":{"rendered":"http:\/\/xn--barfupfad-moers-repelen-k4b.de.\/wordpress\/?page_id=97"},"modified":"2014-05-28T10:18:52","modified_gmt":"2014-05-28T08:18:52","slug":"rasenpfad","status":"publish","type":"page","link":"https:\/\/barfusspfad-moers-repelen.de\/?page_id=97","title":{"rendered":"Rasenpfad"},"content":{"rendered":"<p><strong>RASENPFAD <\/strong><\/p>\n<p>Nach dem Rundgang durch den Intensivbereich laufen Sie zur\u00fcck \u00fcber Rasenwege unter Schatten spendenden B\u00e4umen zum Eingangsbereich dort kann der angetrocknete Lehm abgesp\u00fclt werden.<\/p>\n<p><a title=\"Stationen\" href=\"?page_id=32\">Zur\u00fcck<br \/>\n<\/a><a title=\"Park\u00fcbersicht\" href=\"\/wp-content\/themes\/plain_alt-wp\/uploads\/Parkuebersicht.pdf\" target=\"_blank\">Zur Park\u00fcbersicht<\/a><\/p>\n","protected":false},"excerpt":{"rendered":"<p>RASENPFAD Nach dem Rundgang durch den Intensivbereich laufen Sie zur\u00fcck \u00fcber Rasenwege unter Schatten spendenden B\u00e4umen zum Eingangsbereich dort kann der angetrocknete Lehm abgesp\u00fclt werden. Zur\u00fcck Zur Park\u00fcbersicht<\/p>\n","protected":false},"author":3,"featured_media":0,"parent":32,"menu_order":0,"comment_status":"closed","ping_status":"closed","template":"","meta":{"ngg_post_thumbnail":0},"_links":{"self":[{"href":"https:\/\/barfusspfad-moers-repelen.de\/index.php?rest_route=\/wp\/v2\/pages\/97"}],"collection":[{"href":"https:\/\/barfusspfad-moers-repelen.de\/index.php?rest_route=\/wp\/v2\/pages"}],"about":[{"href":"https:\/\/barfusspfad-moers-repelen.de\/index.php?rest_route=\/wp\/v2\/types\/page"}],"author":[{"embeddable":true,"href":"https:\/\/barfusspfad-moers-repelen.de\/index.php?rest_route=\/wp\/v2\/users\/3"}],"replies":[{"embeddable":true,"href":"https:\/\/barfusspfad-moers-repelen.de\/index.php?rest_route=%2Fwp%2Fv2%2Fcomments&post=97"}],"version-history":[{"count":8,"href":"https:\/\/barfusspfad-moers-repelen.de\/index.php?rest_route=\/wp\/v2\/pages\/97\/revisions"}],"predecessor-version":[{"id":1432,"href":"https:\/\/barfusspfad-moers-repelen.de\/index.php?rest_route=\/wp\/v2\/pages\/97\/revisions\/1432"}],"up":[{"embeddable":true,"href":"https:\/\/barfusspfad-moers-repelen.de\/index.php?rest_route=\/wp\/v2\/pages\/32"}],"wp:attachment":[{"href":"https:\/\/barfusspfad-moers-repelen.de\/index.php?rest_route=%2Fwp%2Fv2%2Fmedia&parent=97"}],"curies":[{"name":"wp","href":"https:\/\/api.w.org\/{rel}","templated":true}]}}