{"id":68,"date":"2014-05-19T08:57:45","date_gmt":"2014-05-19T06:57:45","guid":{"rendered":"http:\/\/xn--barfupfad-moers-repelen-k4b.de.\/wordpress\/?page_id=68"},"modified":"2020-03-10T12:02:16","modified_gmt":"2020-03-10T10:02:16","slug":"eingang-barfusspfad","status":"publish","type":"page","link":"https:\/\/barfusspfad-moers-repelen.de\/?page_id=68","title":{"rendered":"Eingang Barfu\u00dfpfad"},"content":{"rendered":"<p><span class=\"xr_tl xr_s1\" style=\"top: -14px;\">EINGANG BARFUSSPFAD<\/span><\/p>\n<p><span class=\"xr_tl xr_s3\" style=\"top: 22px;\">Fahrrad abstellen! Schuhe aus! <\/span><\/p>\n<p><span class=\"xr_tl xr_s3\" style=\"top: 59px;\">Herzlich Willkommen in unserem<\/span> <span class=\"xr_tl xr_s3\" style=\"top: 78px;\">Barfu\u00dfpfad!<\/span><\/p>\n<p><a title=\"Stationen\" href=\"?page_id=32\">Zur\u00fcck<br \/>\n<\/a><a title=\"Park\u00fcbersicht\" href=\"\/wp-content\/themes\/plain_alt-wp\/uploads\/Parkuebersicht.pdf\" target=\"_blank\" rel=\"noopener\">Zur Park\u00fcbersicht<\/a><\/p>\n","protected":false},"excerpt":{"rendered":"<p>EINGANG BARFUSSPFAD Fahrrad abstellen! Schuhe aus! Herzlich Willkommen in unserem Barfu\u00dfpfad! Zur\u00fcck Zur Park\u00fcbersicht<\/p>\n","protected":false},"author":3,"featured_media":0,"parent":32,"menu_order":0,"comment_status":"closed","ping_status":"closed","template":"","meta":{"ngg_post_thumbnail":0},"_links":{"self":[{"href":"https:\/\/barfusspfad-moers-repelen.de\/index.php?rest_route=\/wp\/v2\/pages\/68"}],"collection":[{"href":"https:\/\/barfusspfad-moers-repelen.de\/index.php?rest_route=\/wp\/v2\/pages"}],"about":[{"href":"https:\/\/barfusspfad-moers-repelen.de\/index.php?rest_route=\/wp\/v2\/types\/page"}],"author":[{"embeddable":true,"href":"https:\/\/barfusspfad-moers-repelen.de\/index.php?rest_route=\/wp\/v2\/users\/3"}],"replies":[{"embeddable":true,"href":"https:\/\/barfusspfad-moers-repelen.de\/index.php?rest_route=%2Fwp%2Fv2%2Fcomments&post=68"}],"version-history":[{"count":15,"href":"https:\/\/barfusspfad-moers-repelen.de\/index.php?rest_route=\/wp\/v2\/pages\/68\/revisions"}],"predecessor-version":[{"id":1503,"href":"https:\/\/barfusspfad-moers-repelen.de\/index.php?rest_route=\/wp\/v2\/pages\/68\/revisions\/1503"}],"up":[{"embeddable":true,"href":"https:\/\/barfusspfad-moers-repelen.de\/index.php?rest_route=\/wp\/v2\/pages\/32"}],"wp:attachment":[{"href":"https:\/\/barfusspfad-moers-repelen.de\/index.php?rest_route=%2Fwp%2Fv2%2Fmedia&parent=68"}],"curies":[{"name":"wp","href":"https:\/\/api.w.org\/{rel}","templated":true}]}}