{"id":136,"date":"2014-05-19T11:29:34","date_gmt":"2014-05-19T09:29:34","guid":{"rendered":"http:\/\/xn--barfupfad-moers-repelen-k4b.de.\/wordpress\/?page_id=136"},"modified":"2014-05-28T10:25:01","modified_gmt":"2014-05-28T08:25:01","slug":"musikpavillon","status":"publish","type":"page","link":"https:\/\/barfusspfad-moers-repelen.de\/?page_id=136","title":{"rendered":"Musikpavillon"},"content":{"rendered":"<p><strong>MUSIKPAVILLON<\/strong><\/p>\n<p>Seit 2006 finden im Friedhelm-Wittfeld-Musikpavillon regelm\u00e4\u00dfig Kurkonzerte statt. Beteiligt sind Repelener Vereine und Ch\u00f6re, u.a. der Posaunenchor Repelen, der M\u00e4nnergesangverein &#8222;Liederkranz&#8220;, Shanty-Chor Repelen, Niederrheinisches M\u00e4nnerquartett und verschiedene andere Musikgruppen.<\/p>\n<p><a title=\"Kultur im Park\" href=\"?page_id=39\">Zur\u00fcck<br \/>\n<\/a><a title=\"Park\u00fcbersicht\" href=\"\/wp-content\/themes\/plain_alt-wp\/uploads\/Parkuebersicht.pdf\" target=\"_blank\">Zur Park\u00fcbersicht<\/a><\/p>\n","protected":false},"excerpt":{"rendered":"<p>MUSIKPAVILLON Seit 2006 finden im Friedhelm-Wittfeld-Musikpavillon regelm\u00e4\u00dfig Kurkonzerte statt. Beteiligt sind Repelener Vereine und Ch\u00f6re, u.a. der Posaunenchor Repelen, der M\u00e4nnergesangverein &#8222;Liederkranz&#8220;, Shanty-Chor Repelen, Niederrheinisches M\u00e4nnerquartett und verschiedene andere Musikgruppen. Zur\u00fcck Zur Park\u00fcbersicht<\/p>\n","protected":false},"author":3,"featured_media":0,"parent":39,"menu_order":0,"comment_status":"closed","ping_status":"closed","template":"","meta":{"ngg_post_thumbnail":0},"_links":{"self":[{"href":"https:\/\/barfusspfad-moers-repelen.de\/index.php?rest_route=\/wp\/v2\/pages\/136"}],"collection":[{"href":"https:\/\/barfusspfad-moers-repelen.de\/index.php?rest_route=\/wp\/v2\/pages"}],"about":[{"href":"https:\/\/barfusspfad-moers-repelen.de\/index.php?rest_route=\/wp\/v2\/types\/page"}],"author":[{"embeddable":true,"href":"https:\/\/barfusspfad-moers-repelen.de\/index.php?rest_route=\/wp\/v2\/users\/3"}],"replies":[{"embeddable":true,"href":"https:\/\/barfusspfad-moers-repelen.de\/index.php?rest_route=%2Fwp%2Fv2%2Fcomments&post=136"}],"version-history":[{"count":5,"href":"https:\/\/barfusspfad-moers-repelen.de\/index.php?rest_route=\/wp\/v2\/pages\/136\/revisions"}],"predecessor-version":[{"id":1444,"href":"https:\/\/barfusspfad-moers-repelen.de\/index.php?rest_route=\/wp\/v2\/pages\/136\/revisions\/1444"}],"up":[{"embeddable":true,"href":"https:\/\/barfusspfad-moers-repelen.de\/index.php?rest_route=\/wp\/v2\/pages\/39"}],"wp:attachment":[{"href":"https:\/\/barfusspfad-moers-repelen.de\/index.php?rest_route=%2Fwp%2Fv2%2Fmedia&parent=136"}],"curies":[{"name":"wp","href":"https:\/\/api.w.org\/{rel}","templated":true}]}}

<p><strong>MUSIKPAVILLON</strong></p>
<p>Seit 2006 finden im Friedhelm-Wittfeld-Musikpavillon regelmäßig Kurkonzerte statt. Beteiligt sind Repelener Vereine und Chöre, u.a. der Posaunenchor Repelen, der Männergesangverein &#8222;Liederkranz&#8220;, Shanty-Chor Repelen, Niederrheinisches Männerquartett und verschiedene andere Musikgruppen.</p>
<p><a title="Kultur im Park" href="?page_id=39">Zurück<br />
</a><a title="Parkübersicht" href="/wp-content/themes/plain_alt-wp/uploads/Parkuebersicht.pdf" target="_blank">Zur Parkübersicht</a></p>

<p>MUSIKPAVILLON Seit 2006 finden im Friedhelm-Wittfeld-Musikpavillon regelmäßig Kurkonzerte statt. Beteiligt sind Repelener Vereine und Chöre, u.a. der Posaunenchor Repelen, der Männergesangverein &#8222;Liederkranz&#8220;, Shanty-Chor Repelen, Niederrheinisches Männerquartett und verschiedene andere Musikgruppen. Zurück Zur Parkübersicht</p>
